02
What is the greatest common factor of 11830 and 2358590?
130
Calculate the highest common divisor of 450 and 4315550.
50
What is the greatest common factor of 115795603 and 853?
853
Calculate the highest common factor of 58 and 1339725557.
29
Calculate the greatest common divisor of 1836 and 68500310.
34
Calculate the greatest common divisor of 26701245 and 162.
81
Calculate the greatest common divisor of 249048 and 27288.
72
Calculate the greatest common divisor of 6446825 and 20825.
2975
What is the greatest common divisor of 13 and 6518226?
13
Calculate the highest common factor of 2 and 392576518.
2
Calculate the highest common divisor of 65296520 and 3298.
194
What is the highest common divisor of 25814 and 80?
2
Calculate the highest common divisor of 105927107 and 33.
11
What is the highest common factor of 20004204 and 18722?
506
What is the highest common factor of 10125 and 6507045?
45
What is the highest common divisor of 13914 and 2930?
2
What is the highest common factor of 30005851 and 3205?
641
Calculate the greatest common factor of 68 and 56416591.
17
What is the greatest common divisor of 109223 and 353261?
457
Calculate the greatest common factor of 2682 and 5590778.
298
What is the greatest common divisor of 16199 and 956075?
167
Calculate the highest common factor of 364684 and 9316.
68
Calculate the greatest common divisor of 638081684 and 1864.
932
What is the highest common factor of 257894 and 2366?
2366
What is the greatest common factor of 392666 and 493?
17
What is the highest common factor of 2587600 and 31200?
400
What is the highest common factor of 397312 and 305744?
1552
What is the highest common factor of 117794718 and 19?
19
What is the greatest common divisor of 443685 and 385?
55
What is the greatest common divisor of 53 and 10167149?
53
Calculate the highest common factor of 330 and 2436951.
33
Calculate the highest common divisor of 171921 and 75633.
51
Calculate the highest common divisor of 173485 and 23550.
785
Calculate the highest common divisor of 340 and 1041900.
20
What is the highest common divisor of 465846450 and 150?
150
What is the highest common factor of 18878634 and 414?
18
What is the highest common divisor of 5571 and 9293047?
619
What is the highest common divisor of 6650 and 2908900?
950
What is the greatest common divisor of 6474 and 3527784?
78
What is the highest common factor of 26 and 9196967?
13
Calculate the highest common divisor of 3035911 and 67303.
1819
Calculate the greatest common factor of 38 and 1006496063.
19
What is the highest common divisor of 5120 and 164114560?
640
Calculate the highest common divisor of 54586 and 823246.
1114
What is the greatest common divisor of 642 and 10700321?
107
Calculate the greatest common divisor of 3190 and 1144957.
11
What is the highest common factor of 90382112 and 48?
16
What is the greatest common factor of 12 and 392341902?
6
What is the greatest common divisor of 3311 and 3243361?
473
Calculate the greatest common factor of 225 and 270239625.
225
Calculate the highest common factor of 116681979 and 888.
111
What is the highest common divisor of 592016 and 164304?
2608
What is the highest common factor of 1187155165 and 9290?
4645
Calculate the highest common divisor of 1291225 and 1943.
29
What is the greatest common divisor of 185652477 and 342?
171
Calculate the highest common factor of 34697267 and 11.
11
What is the highest common divisor of 2148500 and 44?
4
What is the highest common divisor of 32964 and 125952?
492
Calculate the highest common factor of 45 and 17880525.
45
What is the highest common divisor of 519 and 538240541?
173
What is the highest common divisor of 377915451 and 9708?
2427
Calculate the greatest common factor of 2586 and 3932875.
431
What is the greatest common factor of 12629617 and 232323?
3367
What is the highest common factor of 963 and 49165965?
963
What is the highest common divisor of 9602460 and 135?
45
Calculate the greatest common divisor of 3345 and 1695.
15
What is the highest common divisor of 23865 and 38399?
43
Calculate the greatest common factor of 816 and 132918.
6
Calculate the highest common divisor of 41557 and 990203.
1433
What is the greatest common divisor of 2004581 and 121973?
431
What is the highest common factor of 700 and 3201115400?
700
What is the highest common divisor of 354071 and 4739?
677
What is the greatest common factor of 7626828 and 170544?
2508
Calculate the highest common divisor of 323283509 and 51.
17
Calculate the highest common divisor of 11747280 and 1710.
30
Calculate the greatest common factor of 541 and 23611404.
541
Calculate the highest common factor of 612687 and 2751.
393
Calculate the greatest common factor of 162 and 11165688.
162
What is the highest common divisor of 235360899 and 18?
9
What is the greatest common divisor of 9958050 and 20?
10
Calculate the greatest common divisor of 4969952 and 2929772.
3676
What is the greatest common divisor of 1064 and 83664296?
152
What is the highest common factor of 2123 and 1128471?
193
What is the greatest common divisor of 294338 and 68?
34
What is the greatest common divisor of 6797844 and 2484?
108
Calculate the greatest common divisor of 8613808592 and 16.
16
What is the highest common factor of 1242 and 20147310?
414
What is the greatest common factor of 2015485439 and 7106?
3553
Calculate the highest common factor of 525619 and 30475.
23
What is the highest common divisor of 420 and 237662670?
210
Calculate the greatest common divisor of 197357 and 2614.
1307
What is the highest common divisor of 51977128 and 280?
56
Calculate the highest common factor of 23148 and 992097.
9
Calculate the highest common divisor of 237407 and 796.
199
What is the greatest common factor of 468096 and 283008?
384
Calculate the greatest common factor of 5058 and 59139.
9
Calculate the greatest common factor of 87542 and 306761.
91
What is the highest common divisor of 1972 and 3622564?
1972
What is the highest common divisor of 695 and 56287355?
695
Calculate the greatest common divisor of 6168 and 292664.
8
Calculate the greatest common divisor of 6963 and 83745267.
633
Calculate the greatest common divisor of 22578 and 10753518.
426
Calculate the highest common divisor of 6954602 and 621.
23
Calculate the greatest common factor of 864 and 180008568.
216
Calculate the greatest common divisor of 912376 and 88.
8
Calculate the greatest common factor of 27832 and 4577015.
71
What is the highest common factor of 223027095 and 2055?
2055
What is the highest common factor of 210 and 509460180?
30
What is the greatest common divisor of 26032327 and 4?
1
What is the greatest common factor of 4046 and 19177173?
289
Calculate the greatest common factor of 63 and 5593448.
7
Calculate the greatest common divisor of 9856 and 1482880.
896
Calculate the highest common divisor of 390 and 2899290.
30
Calculate the highest common factor of 87546606 and 84.
42
Calculate the highest common factor of 20394 and 2818492.
206
Calculate the greatest common factor of 277582550 and 3836.
1918
What is the highest common factor of 375237016 and 9737?
749
What is the highest common factor of 2370 and 12823596?
474
What is the greatest common divisor of 1465014 and 21610676?
6878
Calculate the greatest common divisor of 93357 and 29151.
369
Calculate the greatest common divisor of 2853 and 51716331.
2853
Calculate the highest common divisor of 12 and 21897300.
12
Calculate the greatest common divisor of 91959519 and 3.
3
Calculate the highest common divisor of 3460086 and 630.
126
What is the highest common divisor of 23 and 543292?
1
Calculate the greatest common factor of 912988 and 645012.
3116
Calculate the highest common factor of 3000 and 214624875.
375
Calculate the greatest common divisor of 4608 and 10164.
12
What is the greatest common factor of 245 and 156557793?
49
Calculate the highest common divisor of 934774728 and 1128.
1128
What is the greatest common factor of 1624777050 and 325?
325
Calculate the greatest common factor of 1863920 and 58512.
368
Calculate the highest common divisor of 99424 and 40092.
52
Calculate the greatest common factor of 11 and 27728987.
11
What is the highest common divisor of 36 and 14161452?
12